{"id":8,"date":"2026-03-04T23:32:45","date_gmt":"2026-03-04T23:32:45","guid":{"rendered":"https:\/\/thqasbyg.gl\/?page_id=8"},"modified":"2026-03-05T00:59:16","modified_gmt":"2026-03-05T00:59:16","slug":"forside","status":"publish","type":"page","link":"https:\/\/thqasbyg.gl\/","title":{"rendered":"Forside"},"content":{"rendered":"\t\t<div data-elementor-type=\"wp-post\" data-elementor-id=\"8\" class=\"elementor elementor-8\" data-elementor-post-type=\"page\">\n\t\t\t\t<div class=\"elementor-element elementor-element-2f41a6c3 e-con-full thq-hero-brush e-flex e-con e-parent\" data-id=\"2f41a6c3\" data-element_type=\"container\" data-e-type=\"container\" data-settings=\"{&quot;background_background&quot;:&quot;classic&quot;}\">\n\t\t<div class=\"elementor-element elementor-element-18b7e539 e-flex e-con-boxed e-con e-child\" data-id=\"18b7e539\" data-element_type=\"container\" data-e-type=\"container\">\n\t\t\t\t\t<div class=\"e-con-inner\">\n\t\t<div class=\"elementor-element elementor-element-e8eaeb9 e-flex e-con-boxed e-con e-child\" data-id=\"e8eaeb9\" data-element_type=\"container\" data-e-type=\"container\">\n\t\t\t\t\t<div class=\"e-con-inner\">\n\t\t<div class=\"elementor-element elementor-element-25d40e17 e-flex e-con-boxed e-con e-child\" data-id=\"25d40e17\" data-element_type=\"container\" data-e-type=\"container\">\n\t\t\t\t\t<div class=\"e-con-inner\">\n\t\t\t\t<div class=\"elementor-element elementor-element-79215bdf elementor-widget elementor-widget-image\" data-id=\"79215bdf\" data-element_type=\"widget\" data-e-type=\"widget\" data-widget_type=\"image.default\">\n\t\t\t\t\t\t\t\t\t\t\t\t\t\t\t<img decoding=\"async\" width=\"389\" height=\"68\" src=\"https:\/\/thqasbyg.gl\/wp-content\/uploads\/2026\/03\/thqasbyg_logo_mand_stor.webp\" class=\"attachment-full size-full wp-image-29\" alt=\"\" srcset=\"https:\/\/thqasbyg.gl\/wp-content\/uploads\/2026\/03\/thqasbyg_logo_mand_stor.webp 389w, https:\/\/thqasbyg.gl\/wp-content\/uploads\/2026\/03\/thqasbyg_logo_mand_stor-300x52.webp 300w\" sizes=\"(max-width: 389px) 100vw, 389px\" \/>\t\t\t\t\t\t\t\t\t\t\t\t\t\t\t<\/div>\n\t\t\t\t\t<\/div>\n\t\t\t\t<\/div>\n\t\t\t\t<div class=\"elementor-element elementor-element-71ff5c39 elementor-widget elementor-widget-heading\" data-id=\"71ff5c39\" data-element_type=\"widget\" data-e-type=\"widget\" data-widget_type=\"heading.default\">\n\t\t\t\t\t<h1 class=\"elementor-heading-title elementor-size-default\">Professionelt<br>t\u00f8mrerarbejde<br>i Gr\u00f8nland<\/h1>\t\t\t\t<\/div>\n\t\t\t\t<div class=\"elementor-element elementor-element-60aef2ec elementor-widget elementor-widget-text-editor\" data-id=\"60aef2ec\" data-element_type=\"widget\" data-e-type=\"widget\" data-widget_type=\"text-editor.default\">\n\t\t\t\t\t\t\t\t\t<div style=\"display: grid; gap: 10px; margin-top: 6px; max-width: 360px;\"><div style=\"display: flex; align-items: center; gap: 10px; color: rgba(255,255,255,.90); font-weight: 800;\">Renovering<\/div><div style=\"display: flex; align-items: center; gap: 10px; color: rgba(255,255,255,.90); font-weight: 800;\">Tagarbejde<\/div><div style=\"display: flex; align-items: center; gap: 10px; color: rgba(255,255,255,.90); font-weight: 800;\">Vinduer &amp; d\u00f8re<\/div><\/div>\t\t\t\t\t\t\t\t<\/div>\n\t\t<div class=\"elementor-element elementor-element-241689ef e-flex e-con-boxed e-con e-child\" data-id=\"241689ef\" data-element_type=\"container\" data-e-type=\"container\">\n\t\t\t\t\t<div class=\"e-con-inner\">\n\t\t\t\t<div class=\"elementor-element elementor-element-29e2b5c elementor-widget elementor-widget-button\" data-id=\"29e2b5c\" data-element_type=\"widget\" data-e-type=\"widget\" data-widget_type=\"button.default\">\n\t\t\t\t\t\t\t\t\t\t<a class=\"elementor-button elementor-button-link elementor-size-md\" href=\"tel:+299271776\">\n\t\t\t\t\t\t<span class=\"elementor-button-content-wrapper\">\n\t\t\t\t\t\t\t\t\t<span class=\"elementor-button-text\">\ud83d\udcde Ring nu<\/span>\n\t\t\t\t\t<\/span>\n\t\t\t\t\t<\/a>\n\t\t\t\t\t\t\t\t<\/div>\n\t\t\t\t<div class=\"elementor-element elementor-element-2e85fec4 elementor-widget elementor-widget-button\" data-id=\"2e85fec4\" data-element_type=\"widget\" data-e-type=\"widget\" data-widget_type=\"button.default\">\n\t\t\t\t\t\t\t\t\t\t<a class=\"elementor-button elementor-button-link elementor-size-md\" href=\"mailto:thqasbyg@outlook.com\">\n\t\t\t\t\t\t<span class=\"elementor-button-content-wrapper\">\n\t\t\t\t\t\t\t\t\t<span class=\"elementor-button-text\">\u2709 Send mail<\/span>\n\t\t\t\t\t<\/span>\n\t\t\t\t\t<\/a>\n\t\t\t\t\t\t\t\t<\/div>\n\t\t\t\t\t<\/div>\n\t\t\t\t<\/div>\n\t\t\t\t\t<\/div>\n\t\t\t\t<\/div>\n\t\t\t\t\t<\/div>\n\t\t\t\t<\/div>\n\t\t\t\t<\/div>\n\t\t<div class=\"elementor-element elementor-element-751b6438 e-con-full e-flex e-con e-parent\" data-id=\"751b6438\" data-element_type=\"container\" data-e-type=\"container\" data-settings=\"{&quot;background_background&quot;:&quot;classic&quot;}\">\n\t\t<div class=\"elementor-element elementor-element-13d745f e-flex e-con-boxed e-con e-child\" data-id=\"13d745f\" data-element_type=\"container\" data-e-type=\"container\">\n\t\t\t\t\t<div class=\"e-con-inner\">\n\t\t\t\t<div class=\"elementor-element elementor-element-5e1549b6 elementor-widget elementor-widget-heading\" data-id=\"5e1549b6\" data-element_type=\"widget\" data-e-type=\"widget\" data-widget_type=\"heading.default\">\n\t\t\t\t\t<h2 class=\"elementor-heading-title elementor-size-default\">Vores ydelser<\/h2>\t\t\t\t<\/div>\n\t\t\t\t<div class=\"elementor-element elementor-element-903f781 elementor-widget elementor-widget-html\" data-id=\"903f781\" data-element_type=\"widget\" data-e-type=\"widget\" data-widget_type=\"html.default\">\n\t\t\t\t\t<div class=\"byg-grid\">\r\n\r\n<div class=\"byg-card\">\r\n<div class=\"byg-icon\">\r\n<svg viewBox=\"0 0 24 24\">\r\n<path d=\"M14.7 6.3a5 5 0 0 0-6.9 6.9l-4.6 4.6a1.4 1.4 0 0 0 2 2l4.6-4.6a5 5 0 0 0 6.9-6.9l-2.6 2.6-2.6-2.6 2.6-2.6Z\"\/>\r\n<\/svg>\r\n<\/div>\r\n<h3>Renovering<\/h3>\r\n<p>Vi udf\u00f8rer alle typer renoveringsopgaver.<\/p>\r\n<\/div>\r\n\r\n<div class=\"byg-card\">\r\n<div class=\"byg-icon\">\r\n<svg viewBox=\"0 0 24 24\">\r\n<path d=\"M3 10.5 12 3l9 7.5\"\/>\r\n<path d=\"M5.5 10.5V21h13V10.5\"\/>\r\n<\/svg>\r\n<\/div>\r\n<h3>Tagarbejde<\/h3>\r\n<p>Udskiftning og reparation af tage.<\/p>\r\n<\/div>\r\n\r\n<div class=\"byg-card\">\r\n<div class=\"byg-icon\">\r\n<svg viewBox=\"0 0 24 24\">\r\n<rect x=\"5\" y=\"4\" width=\"14\" height=\"16\"\/>\r\n<line x1=\"12\" y1=\"4\" x2=\"12\" y2=\"20\"\/>\r\n<line x1=\"5\" y1=\"12\" x2=\"19\" y2=\"12\"\/>\r\n<\/svg>\r\n<\/div>\r\n<h3>Vinduer & d\u00f8re<\/h3>\r\n<p>Montering og udskiftning.<\/p>\r\n<\/div>\r\n\r\n<div class=\"byg-card\">\r\n<div class=\"byg-icon\">\r\n<svg viewBox=\"0 0 24 24\">\r\n<path d=\"M4 12h16\"\/>\r\n<path d=\"M6 12v8\"\/>\r\n<path d=\"M18 12v8\"\/>\r\n<\/svg>\r\n<\/div>\r\n<h3>Terrasser<\/h3>\r\n<p>Tr\u00e6terrasser og udend\u00f8rs konstruktioner.<\/p>\r\n<\/div>\r\n\r\n<\/div>\t\t\t\t<\/div>\n\t\t\t\t\t<\/div>\n\t\t\t\t<\/div>\n\t\t\t\t<\/div>\n\t\t<div class=\"elementor-element elementor-element-3629cf87 e-con-full e-flex e-con e-parent\" data-id=\"3629cf87\" data-element_type=\"container\" data-e-type=\"container\" data-settings=\"{&quot;background_background&quot;:&quot;classic&quot;}\">\n\t\t<div class=\"elementor-element elementor-element-3e362e00 e-flex e-con-boxed e-con e-child\" data-id=\"3e362e00\" data-element_type=\"container\" data-e-type=\"container\">\n\t\t\t\t\t<div class=\"e-con-inner\">\n\t\t<div class=\"elementor-element elementor-element-52314bd1 e-flex e-con-boxed e-con e-child\" data-id=\"52314bd1\" data-element_type=\"container\" data-e-type=\"container\">\n\t\t\t\t\t<div class=\"e-con-inner\">\n\t\t\t\t<div class=\"elementor-element elementor-element-4cce47af elementor-widget elementor-widget-heading\" data-id=\"4cce47af\" data-element_type=\"widget\" data-e-type=\"widget\" data-widget_type=\"heading.default\">\n\t\t\t\t\t<h3 class=\"elementor-heading-title elementor-size-default\">Tidligere projekter<\/h3>\t\t\t\t<\/div>\n\t\t\t\t<div class=\"elementor-element elementor-element-47bbbf02 elementor-widget elementor-widget-text-editor\" data-id=\"47bbbf02\" data-element_type=\"widget\" data-e-type=\"widget\" data-widget_type=\"text-editor.default\">\n\t\t\t\t\t\t\t\t\t<p style=\"margin:0;color:#555;line-height:1.6;\">THQASBYG APS er en t\u00f8mrer virksomhed med fokus p\u00e5 kvalitet, solidt h\u00e5ndv\u00e6rk og professionelle l\u00f8sninger.<br><br>Vi udf\u00f8rer b\u00e5de sm\u00e5 og store opgaver for private og virksomheder.<br><br>Vores m\u00e5l er altid at levere et resultat der holder i mange \u00e5r.<\/p>\t\t\t\t\t\t\t\t<\/div>\n\t\t\t\t\t<\/div>\n\t\t\t\t<\/div>\n\t\t<div class=\"elementor-element elementor-element-1e26aecb e-flex e-con-boxed e-con e-child\" data-id=\"1e26aecb\" data-element_type=\"container\" data-e-type=\"container\">\n\t\t\t\t\t<div class=\"e-con-inner\">\n\t\t\t\t<div class=\"elementor-element elementor-element-75eff050 elementor-widget elementor-widget-image\" data-id=\"75eff050\" data-element_type=\"widget\" data-e-type=\"widget\" data-widget_type=\"image.default\">\n\t\t\t\t\t\t\t\t\t\t\t\t\t\t\t<img decoding=\"async\" src=\"https:\/\/thqasbyg.gl\/wp-content\/plugins\/elementor\/assets\/images\/placeholder.png\" title=\"\" alt=\"\" loading=\"lazy\" \/>\t\t\t\t\t\t\t\t\t\t\t\t\t\t\t<\/div>\n\t\t\t\t<div class=\"elementor-element elementor-element-2825ca54 elementor-widget elementor-widget-image\" data-id=\"2825ca54\" data-element_type=\"widget\" data-e-type=\"widget\" data-widget_type=\"image.default\">\n\t\t\t\t\t\t\t\t\t\t\t\t\t\t\t<img decoding=\"async\" src=\"https:\/\/thqasbyg.gl\/wp-content\/plugins\/elementor\/assets\/images\/placeholder.png\" title=\"\" alt=\"\" loading=\"lazy\" \/>\t\t\t\t\t\t\t\t\t\t\t\t\t\t\t<\/div>\n\t\t\t\t<div class=\"elementor-element elementor-element-67178ef5 elementor-widget elementor-widget-image\" data-id=\"67178ef5\" data-element_type=\"widget\" data-e-type=\"widget\" data-widget_type=\"image.default\">\n\t\t\t\t\t\t\t\t\t\t\t\t\t\t\t<img decoding=\"async\" src=\"https:\/\/thqasbyg.gl\/wp-content\/plugins\/elementor\/assets\/images\/placeholder.png\" title=\"\" alt=\"\" loading=\"lazy\" \/>\t\t\t\t\t\t\t\t\t\t\t\t\t\t\t<\/div>\n\t\t\t\t<div class=\"elementor-element elementor-element-ed8746e elementor-widget elementor-widget-image\" data-id=\"ed8746e\" data-element_type=\"widget\" data-e-type=\"widget\" data-widget_type=\"image.default\">\n\t\t\t\t\t\t\t\t\t\t\t\t\t\t\t<img decoding=\"async\" src=\"https:\/\/thqasbyg.gl\/wp-content\/plugins\/elementor\/assets\/images\/placeholder.png\" title=\"\" alt=\"\" loading=\"lazy\" \/>\t\t\t\t\t\t\t\t\t\t\t\t\t\t\t<\/div>\n\t\t\t\t\t<\/div>\n\t\t\t\t<\/div>\n\t\t\t\t\t<\/div>\n\t\t\t\t<\/div>\n\t\t\t\t<\/div>\n\t\t<div class=\"elementor-element elementor-element-4b004231 e-con-full e-flex e-con e-parent\" data-id=\"4b004231\" data-element_type=\"container\" data-e-type=\"container\" data-settings=\"{&quot;background_background&quot;:&quot;classic&quot;}\">\n\t\t<div class=\"elementor-element elementor-element-571e4426 e-flex e-con-boxed e-con e-child\" data-id=\"571e4426\" data-element_type=\"container\" data-e-type=\"container\">\n\t\t\t\t\t<div class=\"e-con-inner\">\n\t\t<div class=\"elementor-element elementor-element-6ec7e89c e-flex e-con-boxed e-con e-child\" data-id=\"6ec7e89c\" data-element_type=\"container\" data-e-type=\"container\">\n\t\t\t\t\t<div class=\"e-con-inner\">\n\t\t\t\t<div class=\"elementor-element elementor-element-72ee2214 elementor-widget elementor-widget-heading\" data-id=\"72ee2214\" data-element_type=\"widget\" data-e-type=\"widget\" data-widget_type=\"heading.default\">\n\t\t\t\t\t<h3 class=\"elementor-heading-title elementor-size-default\">Om THQAS BYG ApS<\/h3>\t\t\t\t<\/div>\n\t\t\t\t<div class=\"elementor-element elementor-element-47cff952 elementor-widget elementor-widget-text-editor\" data-id=\"47cff952\" data-element_type=\"widget\" data-e-type=\"widget\" data-widget_type=\"text-editor.default\">\n\t\t\t\t\t\t\t\t\t<p style=\"margin:0;color:rgba(255,255,255,.85);line-height:1.6;\">THQAS BYG ApS er en t\u00f8mrer virksomhed med fokus p\u00e5 kvalitet, solidt h\u00e5ndv\u00e6rk og p\u00e5lidelige l\u00f8sninger.<\/p>\t\t\t\t\t\t\t\t<\/div>\n\t\t\t\t<div class=\"elementor-element elementor-element-749105b4 elementor-widget elementor-widget-image\" data-id=\"749105b4\" data-element_type=\"widget\" data-e-type=\"widget\" data-widget_type=\"image.default\">\n\t\t\t\t\t\t\t\t\t\t\t\t\t\t\t<img decoding=\"async\" src=\"https:\/\/thqasbyg.gl\/wp-content\/plugins\/elementor\/assets\/images\/placeholder.png\" title=\"\" alt=\"\" loading=\"lazy\" \/>\t\t\t\t\t\t\t\t\t\t\t\t\t\t\t<\/div>\n\t\t\t\t\t<\/div>\n\t\t\t\t<\/div>\n\t\t<div class=\"elementor-element elementor-element-4f91d27d e-flex e-con-boxed e-con e-child\" data-id=\"4f91d27d\" data-element_type=\"container\" data-e-type=\"container\" data-settings=\"{&quot;background_background&quot;:&quot;classic&quot;}\">\n\t\t\t\t\t<div class=\"e-con-inner\">\n\t\t\t\t<div class=\"elementor-element elementor-element-666d9164 elementor-widget elementor-widget-heading\" data-id=\"666d9164\" data-element_type=\"widget\" data-e-type=\"widget\" data-widget_type=\"heading.default\">\n\t\t\t\t\t<h3 class=\"elementor-heading-title elementor-size-default\">Kontakt os<\/h3>\t\t\t\t<\/div>\n\t\t\t\t<div class=\"elementor-element elementor-element-6f2341c4 elementor-widget elementor-widget-text-editor\" data-id=\"6f2341c4\" data-element_type=\"widget\" data-e-type=\"widget\" data-widget_type=\"text-editor.default\">\n\t\t\t\t\t\t\t\t\t<div style=\"display:grid;gap:10px;margin-top:8px;font-weight:900;color:#fff;\">\n<div>\ud83d\udcde +299 271776<\/div>\n<div>\ud83e\uddef +299 271775<\/div>\n<div>\u2709 thqasbyg@outlook.com<\/div>\n<\/div>\t\t\t\t\t\t\t\t<\/div>\n\t\t\t\t<div class=\"elementor-element elementor-element-3af79443 elementor-widget elementor-widget-button\" data-id=\"3af79443\" data-element_type=\"widget\" data-e-type=\"widget\" data-widget_type=\"button.default\">\n\t\t\t\t\t\t\t\t\t\t<a class=\"elementor-button elementor-button-link elementor-size-md\" href=\"tel:+299271776\">\n\t\t\t\t\t\t<span class=\"elementor-button-content-wrapper\">\n\t\t\t\t\t\t\t\t\t<span class=\"elementor-button-text\">Kontakt os<\/span>\n\t\t\t\t\t<\/span>\n\t\t\t\t\t<\/a>\n\t\t\t\t\t\t\t\t<\/div>\n\t\t\t\t\t<\/div>\n\t\t\t\t<\/div>\n\t\t\t\t\t<\/div>\n\t\t\t\t<\/div>\n\t\t\t\t<\/div>\n\t\t\t\t<\/div>\n\t\t","protected":false},"excerpt":{"rendered":"<p>Professioneltt\u00f8mrerarbejdei Gr\u00f8nland RenoveringTagarbejdeVinduer &amp; d\u00f8re \ud83d\udcde Ring nu \u2709 Send mail Vores ydelser Renovering Vi udf\u00f8rer alle typer renoveringsopgaver. Tagarbejde Udskiftning og reparation af tage. Vinduer &#038; d\u00f8re Montering og udskiftning. Terrasser Tr\u00e6terrasser og udend\u00f8rs konstruktioner. Tidligere projekter THQASBYG APS er en t\u00f8mrer virksomhed med fokus p\u00e5 kvalitet, solidt h\u00e5ndv\u00e6rk og professionelle l\u00f8sninger. Vi udf\u00f8rer [&hellip;]<\/p>\n","protected":false},"author":1,"featured_media":0,"parent":0,"menu_order":0,"comment_status":"closed","ping_status":"closed","template":"elementor_canvas","meta":{"footnotes":""},"class_list":["post-8","page","type-page","status-publish","hentry"],"_links":{"self":[{"href":"https:\/\/thqasbyg.gl\/index.php?rest_route=\/wp\/v2\/pages\/8","targetHints":{"allow":["GET"]}}],"collection":[{"href":"https:\/\/thqasbyg.gl\/index.php?rest_route=\/wp\/v2\/pages"}],"about":[{"href":"https:\/\/thqasbyg.gl\/index.php?rest_route=\/wp\/v2\/types\/page"}],"author":[{"embeddable":true,"href":"https:\/\/thqasbyg.gl\/index.php?rest_route=\/wp\/v2\/users\/1"}],"replies":[{"embeddable":true,"href":"https:\/\/thqasbyg.gl\/index.php?rest_route=%2Fwp%2Fv2%2Fcomments&post=8"}],"version-history":[{"count":15,"href":"https:\/\/thqasbyg.gl\/index.php?rest_route=\/wp\/v2\/pages\/8\/revisions"}],"predecessor-version":[{"id":42,"href":"https:\/\/thqasbyg.gl\/index.php?rest_route=\/wp\/v2\/pages\/8\/revisions\/42"}],"wp:attachment":[{"href":"https:\/\/thqasbyg.gl\/index.php?rest_route=%2Fwp%2Fv2%2Fmedia&parent=8"}],"curies":[{"name":"wp","href":"https:\/\/api.w.org\/{rel}","templated":true}]}}